x(1).
17
Let h be -14 + 17 - (3 + 1). Let m be h/2*(-6 - -2). Let j be ((0 - m) + 1)*40/8. Let y(a) = a**2 + 5*a - 1. Give y(j).
-1
Let a(c) = c**3 + 8*c**2 + 2*c + 10. Suppose 6*v - 413 + 437 = 0. Let o be (-42)/v*4/(-6). Give a(o).
45
Let a = 141 + -91. Let i(r) = 48*r + a*r + 19 - 97*r. Give i(0).
19
Let q(s) be the first derivative of s**5/60 + s**4/3 + 119*s**3/3 + 88. Let w(a) be the third derivative of q(a). What is w(-6)?
-4
Let r(w) = 5*w**2 + w - 2. Let m = -568 + 565. Let x be ((-3 - -5) + m)*-1. Give r(x).
4
Suppose 82*i - 150 = 72*i. Let o(x) = -6 - 11*x**2 - 4*x - i*x**2 - x**3 + 2 + 45*x**2 - 13*x**2. What is o(5)?
1
Let o(z) = -z**2 + 6*z + 10. Let d = 84 + -78. Give o(d).
10
Let d(o) be the third derivative of 87*o**2 + 0 - 5/24*o**4 + 0*o + 1/6*o**3. What is d(2)?
-9
Let d(l) be the third derivative of -l**4/8 - 3*l**3 - 235*l**2. Let v(b) = b**3 - 5*b**2 + b + 4. Let z be v(4). Calculate d(z).
6
Let a(k) = 76*k + 591. Let t(f) = 228*f + 1536. Let s(h) = -17*a(h) + 6*t(h). Determine s(11).
5
Let w(x) be the second derivative of x**6/120 - x**5/10 - x**4/4 + 2*x**3/3 - 71*x**2/2 - 3*x + 5. Let h(c) be the first derivative of w(c). Determine h(7).
11
Let g(k) = -2*k**3 + 3*k**2 - 4*k - 2. Let n = 6517 - 6515. Determine g(n).
-14
Suppose 8*i - 262 = 346. Let w(b) = b - 218 + i + 68 + 75. Let u be 4/(-14) - (-26)/(-7). Give w(u).
-3
Let p(n) = -19*n + 13. Let h(o) = -3 + 12 + 2 - 18*o. Let u(f) = -6*h(f) + 5*p(f). What is u(2)?
25
Let w = 105 + -131. Let f = -18 - w. Let c be 8/f + (7 - 2). Let u(s) = s**2 - 8*s + 7. Calculate u(c).
-5
Suppose 35 = 8*q - 29. Let i(v) = v - 2. Let n be i(q). Suppose -9*o - n + 33 = 0. Let l(a) = -6*a - 2. What is l(o)?
-20
Let j be ((-4)/22)/((-296)/814). Let f(x) be the first derivative of 4*x + j*x**2 - 3. Calculate f(0).
4
Let v = -6 + 7. Let p(q) = -1 - v - 3*q + 0. Let c(z) = -z**3 + 21*z**2 + z - 23. Let j be c(21). Give p(j).
4
Let j(m) = -m**3 + 18*m**2 - 4*m + 77. Suppose 5*g = -3*c + 54, 18*g + 72 = 4*c + 17*g. Calculate j(c).
5
Let m be -6 + -1*(8/(-4))/2. Let q be m/(-1) + -37 + 34. Let u(j) = -7*j**2 + 2*j - 2. Determine u(q).
-26
Let j(z) = 48*z**2 - 71*z + 2. Let h be j(13). Let t(m) = -7195 - m + 0*m + m**2 + h. Calculate t(-2).
2
Let c(m) = -6*m - 1. Let h(d) = -d**3 - 11*d**2 + d - 20. Let u(l) = -l**3 - 10*l**2 - 20. Let f(a) = -3*h(a) + 4*u(a). Let w be f(-7). Determine c(w).
-7
Let y(l) = -19*l + 32*l**2 + 19*l - 1. Let f = -92 - -91. Calculate y(f).
31
Let m(h) = 13*h**3 + 4*h**2 + 48*h + 62. Let s(x) = 18*x**3 + 4*x**2 + 72*x + 94. Let t(w) = 7*m(w) - 5*s(w). Determine t(-10).
4
Suppose 2*k - 68 + 19 = -33. Let m(p) = -69*p + 555. Determine m(k).
3
Let y(i) = 3*i**2 - 48*i - 16. Let r(d) = -d**2 + 21*d + 7. Let o(w) = -5*r(w) - 2*y(w). What is o(-5)?
17
Let n(w) = w**3 - 11*w**2 + 8*w + 3. Let c(r) = -20*r + r**2 + 1216*r**3 - 86 + 4*r**2 - 1215*r**3. Let i be c(-4). Calculate n(i).
-17
Let n(f) = 3*f**2 - 75*f - 158. Let o(p) = p**3 - 16*p**2 - 46*p + 520. Let s be o(17). Determine n(s).
4
Let z(c) = -c**2 - 5*c - 1. Suppose -4*b + 8 = -4*r - 8, -4*b + 22 = -r. Let n(s) = -s**2 + s. Let p be n(b). Let h = p - -26. Determine z(h).
3
Let h(d) be the third derivative of -d**4/6 - 37*d**3/3 - 4*d**2 - 13. Determine h(-21).
10
Let s(z) = z**2 + 11*z + 10. Let j(a) = a**3 + 7*a**2 + 4*a - 7. Let m be j(-6). Let x = 155 - 95. Suppose m*b + x = -5*r, 4*b - 3*b + 3*r = -22. What is s(b)?
-18
Let x(b) = -10*b + 28 - 6 + 11*b. Let r be x(-20). Let t(u) = 5 - 5*u + 0 - r. Give t(2).
-7
Let u(p) = p**3 - 13*p**2 + p - 13. Let n be u(13). Suppose n = 65*r - 62*r - 15. Let f(s) = -s**2 + 3*s + 3. Determine f(r).
-7
Let f(v) be the first derivative of -10*v - 1/4*v**4 + 1/2*v**2 + 1/3*v**3 - 474. Let o(r) = r - 2. Let j be o(2). What is f(j)?
-10
Let f(h) be the third derivative of -h**4/24 - 5*h**3/6 + 51*h**2 - 9. Suppose -p - 4 = -4*z, 3*z + 0*z = 3. Suppose p*a = a + 10. What is f(a)?
5
Let i(p) be the second derivative of -p**5/20 + p**4/12 + 2*p**3/3 + p**2/2 - 6*p. Let c(r) = 2*r**2 + 2*r - 3. Let u be c(7). Let o = u - 106. Give i(o).
-5
Let g = -457/6 + 9143/120. Let n(i) be the third derivative of 0*i - 14*i**2 + g*i**6 + 0*i**4 + 0 - 1/6*i**3 + 1/60*i**5. Give n(1).
3
Let q(r) = 9*r - 125. Let x = -4641 - -4655. Determine q(x).
1
Let y(a) = a**3 + 14*a**2 - 35*a - 9. Suppose 3*f + 83 + 157 = -12*f. Determine y(f).
39
Let u(h) be the third derivative of 1/4*h**4 + 0*h - 40*h**2 + 3/2*h**3 + 2. What is u(-8)?
-39
Let d(b) = -b**2 - 2*b + 2. Let z(m) = 2*m**3 + m**2 + m + 3. Let u be z(0). Suppose -u*l = 3*h - 24, 0*l - l + 3 = 0. Give d(h).
-33
Let k(q) = q**3 + 2*q**2 - 4*q + 11. Suppose -5*t - 3 = -3*d, -15*d + 22 = -19*d - 2*t. What is k(d)?
-5
Let l(c) = c**3 + 7*c**2 - 5. Suppose f = -4*n + 646, -233 = -2*n - f + 89. Let x = n - 168. Give l(x).
31
Suppose 2*a + 111 - 123 = 3*y, 3*y + 12 = 5*a. Let t(l) = l + 21. Determine t(a).
21
Let a = -1158 + 1156. Let g(p) = 15*p + 1. What is g(a)?
-29
Let u(i) = i**3 - 5*i**2 + 5*i - 6. Let w(q) = q**2 + 61*q + 893. Let j be w(-37). Determine u(j).
19
Suppose -3*t = -11*u + 7*u - 7, 4*t = -2*u - 20. Let q(y) = -y**3 - 4*y**2 - y + 1. What is q(t)?
-5
Let i be (24/30)/(6/45). Let n(b) = -b**3 - 2*b**2 - 3*b + 9. Let s(d) = -d**3 - 3*d**2 - 4*d + 10. Let z(q) = i*n(q) - 5*s(q). Give z(3).
10
Let l(c) be the first derivative of 4/3*c**3 - 34 - 1/4*c**4 + c**2 - c. Calculate l(4).
7
Let x(g) = 30*g + 129. Let l(b) = 10*b + 52. Let k(d) = 17*l(d) - 6*x(d). Calculate k(10).
10
Let t(g) be the first derivative of -45 - 2*g**3 + 5*g - 1/4*g**4 - 5/2*g**2. Give t(-5).
5
Let y(k) = 3*k - 20. Suppose 0 = -h + o - 3, -4*h + 6*h + 4*o = 24. Let l be 32/(3 - -5)*h. Calculate y(l).
4
Let p(y) = y**3 + 2*y**2 + 4*y + 7. Suppose -r - 4*u - 30 = 0, -5*u + 796 = 831. Give p(r).
-1
Let v(o) be the first derivative of -46 + 1/2*o**2 - 9*o. Give v(4).
-5
Let h(y) be the first derivative of y**6/360 + 3*y**5/40 - 13*y**4/12 + 2*y**3/3 - 29*y**2/2 + 194. Let m(p) be the third derivative of h(p). Determine m(-11).
-4
Suppose -5*n + 4 = -4*n + 4*g, 4*g + 56 = 4*n. Let x(q) = -n*q - 8 + 0*q - q - q**2 + 6*q. Give x(-7).
-8
Let d(l) = 60*l - 108*l + 57 + 59*l - 137. Calculate d(7).
-3
Suppose -l + 0*l + 1370 = 0. Let d(b) = 13*b - 1880. Let o be d(145). Let p(f) = -5*f**2 - 3 - f**3 + 1369*f + o - l*f. What is p(-5)?
7
Let v(a) be the third derivative of -a**6/120 + a**5/10 - a**4/8 + 8*a**3/3 + 742*a**2. Give v(6).
-2
Let j(u) = u**3 + 5*u**2 - 10*u + 1. Let l be 74 + 3/(-4)*4. Let a = l + -78. Calculate j(a).
-27
Let q(a) = 26347*a**2 + 46 - 13173*a**2 + 23*a - 13175*a**2. Give q(25).
-4
Let y(n) = -73*n + 1100. Let o be y(15). Let r(h) = -4*h**2 + 22*h - 1. What is r(o)?
9
Suppose 2*i - 7*i - 32 = -2*k, 3*k = -5*i + 23. Let b be ((-23)/3 + k)*3/2. Let o(h) be the third derivative of -h**4/24 + h**3/6 + 5*h**2. What is o(b)?
-4
Let t = 4073 + -4061. Let o(k) = -k**3 + 10*k**2 + 18*k + 25. Determine o(t).
-47
Suppose 156*d + 55 = 82*d + 79*d. Let l(m) = 4*m**2 - 43*m - 27. Give l(d).
-16
Let g(y) be the third derivative of 29*y**2 + 0 + 1/24*y**4 + 1/10*y**5 - 1/6*y**3 + 0*y. What is g(2)?
25
Let f(s) = 5*s - 19. Let v be 0 + (4 - 8) - 1*(-6 - 3). Determine f(v).
6
Let f = 17 + -13. Suppose 0 = -f*n - 0*n + 8. Let d(r) = -6*r**2 - 3*r**n + 4*r**2. What is d(-1)?
-5
Let c(s) = -26*s**2 + 74*s**3 - 42*s**3 - 13*s**3 + 25*s + 10 - 18*s**3. What is c(25)?
10
Let z(x) be the second derivative of -4*x**3/3 - 261*x**2/2 - 7387*x. Give z(-32).
-5
Let f(g) = -7*g - 65. Let n be f(-11). Suppose 4*q = -4*t - n, t - q + 15 = -5*q. Let h(c) be the first derivative of 19*c**3/3 - c - 1. Determine h(t).
18
Let a(l) = -3*l**2 + 1 - 390*l - 81*l + 468*l. Give a(2).
-17
Suppose 4*z - 29 = -3*p, 2*z + 4*p = 2 + 10. Suppose -13 = -z*t + 51. Let r(u) = 3 + 6*u + 3*u + 1 - t*u. Give r(-9).
-5
Let v(a) = 7*a**2 - 130*a - 54. Let f be v(19). Let q(j) = 4*j**2 - 3*j - 6. Give q(f).
21
Let y(r) = 17 + 0*r + 0 + 4 - r. Let u be y(18). Let q(v) = -1 + 5 - u*v + 3*v + v. Calculate q(-5).
-1
Suppose -2 = -27*y + 81 + 160. Let s(r) = r**3 - 10*r**2 + 16*r - 38. What is s(y)?
25
Suppose 10*s - 8*s + 5*f = 29, -5 = -f. Let a(l) be the third derivative of -1/60*l**5 + 0*l + 0 + 18*l**s + 1/3